Let f = -1372 - -1397. Let m be (-46)/10 - 2/5. What is the remainder when -141*((-10)/(-6))/m is divided by f?
22
Let x(q) = -2*q**2 + q. Let a be x(1). Calculate the remainder when 2 + (-288)/(-27) + 1/3 is divided by 10/(-25)*a*20.
5
Let v = -227 + 279. What is the remainder when 310 is divided by v?
50
Let d = 194 + -138. What is the remainder when d is divided by 33?
23
Suppose 0 = -65*i + 62*i - 51. Calculate the remainder when 33 is divided by 13*1 + 21 + i.
16
Let m(u) = -4*u**2 + 9*u + 8. Let q be m(-1). Let w(t) = 4*t + 46. What is the remainder when 0 - -2*1 - -48 is divided by w(q)?
24
Let c be 1 + (0 - (0 + -2))/(-2). Suppose c*h + 90 = 5*h - 5*t, -5*h + 4*t + 92 = 0. What is the remainder when (1 + (-3 - -1))*-39 is divided by h?
19
Let v(n) = 19*n + 25. Let x(t) = -19*t - 25. Let l(k) = 5*v(k) + 4*x(k). What is the remainder when l(7) is divided by 40?
38
Let w = -103 - -106. Suppose -w*u + 25 + 5 = 0. What is the remainder when 18 is divided by u?
8
Let k = 13 + -26. Let c = k - -25. Suppose -3*p = 2*t - 0*p - 24, c = 3*p. What is the remainder when 11 is divided by t?
5
Let d(o) = o**2 + 13*o + 62. What is the remainder when 99 is divided by d(-6)?
19
Calculate the remainder when 3*(10/(-3))/(-1) is divided by 6 + 5 - 5 - 12/6.
2
Let n(r) = r**3 - 13*r**2 + r + 17. What is the remainder when n(13) is divided by 13?
4
Let j(m) = -7 + m**2 + 4*m - 5*m - 4*m + m. Let k be j(5). Calculate the remainder when 22 - -1 - (-6)/k is divided by 11.
9
Suppose -12*k + 7*k = -a - 297, -4*k + 243 = a. Calculate the remainder when 299 is divided by k.
59
Let h = -83 + 79. What is the remainder when 8 is divided by 3 + 2*(-6)/h?
2
Calculate the remainder when 14 is divided by 276/(-115)*(-10)/4.
2
What is the remainder when 94 is divided by (3 + 4 - 5) + 1 + 16?
18
Let w(z) = z + 6. Let o be w(-5). Let s(g) = 13*g. Calculate the remainder when (-2 + -73)/(-4 - (-15)/6) is divided by s(o).
11
Let w = 117 + -79. Calculate the remainder when w is divided by 7.
3
Suppose 2*z + 39 = -4*s + 7*z, -5*z = s - 9. Suppose -2*l = 51 - 9. What is the remainder when 54 is divided by 133/l*s/2?
16
What is the remainder when 98 is divided by 1/3 + (-2204)/(-57)?
20
Let p(k) = -2*k**2 + 7*k - 1. Let s be p(4). What is the remainder when 56 + -2*s/(-10) is divided by 14?
13
Suppose -5*w = -6*w - 10. Let v be (-3)/6 + w/(-4). Suppose -5*y = 2*x - 80, -3*x + v*x = 2*y - 33. Calculate the remainder when 26 is divided by y.
12
Suppose 4*m + 10 = 22. What is the remainder when 22 - (-2)/(m - 1) is divided by (-5)/(-30) - 77/(-6)?
10
Suppose 6 - 16 = -2*w. What is the remainder when ((-42)/w)/((-26)/65) is divided by 11?
10
Suppose 0 = 3*s - 2*o - 16, 4*s + 9 = -3*o + 2. Suppose 0 = s*v + 33 - 83. Calculate the remainder when 71 is divided by v.
21
Suppose 4 = 3*c - c. Suppose 0 = c*v + 33 - 145. Calculate the remainder when v is divided by 29.
27
Let w(a) = 7*a**2 - 12*a + 7. Let d be w(4). Let y = -52 + d. Calculate the remainder when 132 is divided by y.
18
Suppose -138 = -18*s + 15*s - 3*f, 232 = 5*s + 3*f. What is the remainder when 415 is divided by s?
39
What is the remainder when 47 is divided by -19 + 23 - -14*(-5)/(-2)?
8
Let x(c) = c**3 + 28*c**2 + 94*c - 34. Suppose a = -p - 3*p + 63, -3*a - 5*p + 224 = 0. What is the remainder when a is divided by x(-24)?
13
What is the remainder when ((-3)/6)/((-5)/1710) is divided by 29?
26
Let t = 3 + 20. Let g be (18/(-12))/((-1)/182). Let p = g - 182. What is the remainder when p is divided by t?
22
Let r be (-2)/(-16) + (-1651)/(-104). Let y = -22 + r. Let b(n) = n**2 + 7*n + 15. Calculate the remainder when 22 is divided by b(y).
4
Suppose -4*p + 74 = 4*m - 5*p, -m = 4*p - 27. Suppose 0 = -4*o + 5*o - 139. Let f = o + -66. What is the remainder when f is divided by m?
16
Let g(n) = 4*n - 1. Let l be g(7). Let m be (18/l)/(1/180). Suppose 0 = -3*u + m + 96. What is the remainder when u is divided by 25?
22
Suppose -4 = 2*u, -2*t + u = -6 - 2. Suppose -56 = -4*d + 4*k, -t*k - 62 = -5*d + 4. What is the remainder when 55 is divided by d?
7
Let b(l) = l**3 - 10*l**2 - 5*l + 59. Suppose -3*h - 3*g = -147, 3*h - 4*g + g - 159 = 0. What is the remainder when h is divided by b(10)?
6
Suppose -492 = 33*y - 37*y. What is the remainder when y is divided by 25?
23
What is the remainder when -32*((-90)/12 - -7) - -6 is divided by 6?
4
Suppose 0 = -4*j - 4*g + g - 45, 5*j + 2*g + 65 = 0. Let a = -9 - j. Calculate the remainder when 17 is divided by a.
5
Let x = 188 - 298. Let a = -69 - x. Let v(d) = -3*d + 7. Calculate the remainder when a is divided by v(-5).
19
Let s be -9 + 0 + -4 + 1. Let a = s + 15. Suppose -a*y - 159 = -6*y. Calculate the remainder when y is divided by 14.
11
Suppose 75 + 483 = 2*q. Calculate the remainder when q is divided by 35.
34
Let b(c) = -3*c + 10. Let m be b(5). Let s be (4 - m)*(-4)/6. Calculate the remainder when (-332)/s - 10/30 is divided by 14.
13
Let j = 4 - -24. Suppose -4*c + 6*c = 3*x + j, -3*c = -4*x - 37. What is the remainder when 4/x - (-202)/5 is divided by 14?
12
Let b(v) = -v**2 + 5*v - 5. Let w be b(4). Calculate the remainder when 12 is divided by w*4 + (-35)/(-5).
0
Let m(k) = k**3 + 12*k**2 - 4*k - 17. Let j(o) = 12*o**3 + o**2 - 1. Let b be j(-1). What is the remainder when m(b) is divided by (-66)/4*8/(-12)?
9
Let l = 1126 + -1004. What is the remainder when l is divided by 16?
10
Let d(a) = 2*a - 10*a + 4*a - 10. Calculate the remainder when 49 is divided by d(-5).
9
What is the remainder when -14*24/(-42) - -121 is divided by 9?
3
Suppose -v = -3*v + 2. Let j(w) = -7*w + 0 - 2 - 1 - v. Calculate the remainder when j(-5) is divided by 16.
15
Suppose 0 = p + p + 3*n - 49, 3*n = 2*p - 43. What is the remainder when 43 is divided by p?
20
Let n be (13 + -11)*(-6)/(-2). Suppose -3*d - 4*h + h + n = 0, 3*h = -d - 2. What is the remainder when d is divided by 3?
1
Let h(y) = 3*y**3 + 34*y**2 - 37. What is the remainder when h(-10) is divided by 91?
90
Suppose h + 3*h = 16. Suppose -z + 4*c + 34 = 0, 3*z - 54 = -0*z - h*c. Suppose -b + 22 + z = -r, 4*r = -20. Calculate the remainder when b is divided by 10.
9
Let w(l) = l**2 + 35*l + 100. Calculate the remainder when w(-34) is divided by 37.
29
Let c(g) = 18*g - 12. Let r be c(2). Let i = r - -93. Let o = -34 - -64. What is the remainder when i is divided by o?
27
Suppose -4*o + 1107 = 91. Let v = o + -119. Calculate the remainder when v is divided by 34.
33
Let c = 231 - 45. Calculate the remainder when c is divided by 32.
26
Suppose -5*f + 6 + 24 = 0. Let h be f/(-9) + 8/3. Suppose -h*o = o - 33. Calculate the remainder when 41 is divided by o.
8
Let v(s) = -2*s + 2. Suppose 0 = 2*g + 27 + 55. Let m = -25 - g. What is the remainder when m is divided by v(-5)?
4
Let z = 24 + 174. Calculate the remainder when z is divided by 29 - -6*(2/(-17) - (-3055)/(-2210)).
18
Suppose -2*i + 0*i - 3*l + 15 = 0, 5*i = l + 80. Calculate the remainder when i is divided by 9.
6
Let s(f) = -2*f**2 + 51*f + 39. Let z be s(24). Let m = z + -52. Calculate the remainder when m is divided by 33.
26
What is the remainder when 28/3*-30*(-4)/16 is divided by 18?
16
Calculate the remainder when 214 is divided by 34*2 - 1584/132.
46
Let x = -391 + 392. What is the remainder when 3 is divided by x?
0
Let a(u) = -u**3 - 5*u**2 - 10*u - 8. Let k be a(-7). Suppose 5*m + k = 5*h, 3*h - m + 4*m = 108. Calculate the remainder when 666/10 + (-6)/10 is divided by h.
32
Let b(w) = -w**3 - 3*w**2. Let o be b(-4). Suppose -o*m - 65 = -21*m. What is the remainder when 56 is divided by m?
4
Let k(g) = 0*g**2 + 4*g**2 - g**3 + 1 + g**2 + g - 5*g. What is the remainder when 20 is divided by k(3)?
6
Let b(c) = 15*c**2 + 6*c + 5. Calculate the remainder when b(4) is divided by 89.
2
Let a = 609 + -236. Calculate the remainder when a is divided by 22.
21
Suppose -20 = -0*t - 5*t. Suppose 0 = -t*k + 32 + 12. What is the remainder when k is divided by (1 - -1)*9/6?
2
Let i = 329 + -205. Suppose 3*d + 2*z = 4*z - 2, -3*d = 4*z - 22. Suppose -d*o = 2*o - i. Calculate the remainder when o is divided by 17.
14
Suppose -4 = -2*a + 4. Calculate the remainder when 113 is divided by 114/a*((-100)/(-15))/5.
37
Let b = 111 - 57. Suppose b = -4*n + 7*n. What is the remainder when 106 i